he prime factors of w(-5)?
3, 5, 227
Suppose -3*f = -15*f + 156. Let b = f - -11. Suppose 0 = -b*a + 23*a + 13. What are the prime factors of a?
13
Let s(l) = 89*l**2 - 266*l + 3894. List the prime factors of s(16).
2, 3, 37, 101
Suppose 3*c - 43 = -3*m - 61, -4*c + 2*m = 0. List the prime factors of (c - 999/12)/((-2)/8).
11, 31
Let z(f) = f**2 - 2*f + 246. Suppose 8*b - 4*b - 16 = 0. Suppose w + 5 = 0, b*j + 0*j = -5*w - 25. List the prime factors of z(j).
2, 3, 41
Let l = -12061 + 30801. List the prime factors of l.
2, 5, 937
Suppose -8*v + 109882 = 3*g, 4*v - 54936 = -3*g - g. What are the prime factors of v?
2, 17, 101
Let j = 21792 + -14266. What are the prime factors of j?
2, 53, 71
Suppose 52 = 13*i - 13. Suppose -j - 1290 = -6*j + i*h, 4*j - 1027 = 5*h. What are the prime factors of j?
263
Let z = 5125 + -2798. List the prime factors of z.
13, 179
Suppose 0 = 34*i - 8*i - 78. Suppose -5*b + j + 4007 = 0, i*b = -0*j + 4*j + 2394. What are the prime factors of b?
2, 401
Let p be (1 + -2)/((2 - 0) + -3). Suppose 5*j = -p + 126. Suppose 3*l + j = v, 2*l + 40 = 3*v - 21. What are the prime factors of v?
19
Let d = 71269 - 45124. List the prime factors of d.
3, 5, 7, 83
Suppose 2*f + 24 = 4*y, -5*f + 4*f = 2*y - 20. Suppose 0 = -y*j + 5*j + 5*d + 193, -2*j + 4*d = -128. Let s = -11 + j. List the prime factors of s.
5, 11
Let h = -264 - -278. Suppose 25700 = h*b + 5344. List the prime factors of b.
2, 727
Let x be ((-2)/2 + 5)*(-3)/(-2). Suppose l = -2*u + 162, -5*u - 99 = -x*u + 4*l. List the prime factors of u.
83
Let z(t) = -t**3 - 2*t**2 + 31*t - 574. What are the prime factors of z(-34)?
2, 3, 7, 421
Let k(u) = -u**2 - 8*u - 8. Let h be k(-6). Suppose g = h*s - 1361, 3*s + 3*g = -0*g + 1032. List the prime factors of s.
11, 31
What are the prime factors of (30/9)/(58/174) + 10826?
2, 3, 7, 43
Let k(j) = 34*j**2 - 77*j - 2537. What are the prime factors of k(-37)?
2, 7, 3347
Let v = 73315 + -43385. List the prime factors of v.
2, 5, 41, 73
Let l(p) = -19*p + 46. Let b be (3/(-3) + 2)/(17/(-51)). What are the prime factors of l(b)?
103
Suppose -17*n = 10*n + 9531. Let o = n - -446. List the prime factors of o.
3, 31
Suppose 294*p - 5*r = 293*p + 14862, -5*p = -3*r - 74310. What are the prime factors of p?
2, 3, 2477
Suppose -8 = -0*t - 2*t. Suppose 0 = -7*c + t*c. Suppose c = k - 3*a - 44, 0 = 5*k - k - 5*a - 197. List the prime factors of k.
53
Let g = 200 + -195. Suppose -2151 = -5*d + 3*c, -1725 = -4*d + g*c - 4*c. List the prime factors of d.
2, 3
Suppose 58*w - 111*w + 303968 = -21*w. What are the prime factors of w?
7, 23, 59
Suppose 4*v + 25334 = 3*o - 5382, 40957 = 4*o - 5*v. What are the prime factors of o?
2, 3, 7, 61
Let x(p) = -30*p**2 - 9*p + 4. Let t(i) = 60*i**2 + 15*i - 7. Let u(d) = 6*t(d) + 11*x(d). List the prime factors of u(-4).
2, 7, 37
Suppose 11*r - 2*r - 174708 = 0. What are the prime factors of (-1)/(r/6472 + -3)?
2, 809
Suppose -4*s = a - 12, -3*a = s - 0*s - 3. Suppose a = -2*v + o + 34, v - 17 = 8*o - 5*o. Suppose 2121 = v*f - 10*f. What are the prime factors of f?
3, 101
Let n = 2 - -7. Let z be 2*(-6)/n*9/(-4). Suppose 0 = -4*m - 0*d - d + 177, -5*m + z*d = -200. What are the prime factors of m?
43
Let j(b) be the third derivative of -b**4/24 + b**3/6 - 56*b**2. What are the prime factors of j(-2)?
3
Let j(a) = -1888*a + 421. List the prime factors of j(-3).
5, 1217
Suppose 5*z = -n + 13, -z = -5*z + 4*n - 4. Let o(l) = 2*l**3 + 2*l**2 - 2. Let g be o(z). Suppose -145 + g = -3*w. List the prime factors of w.
41
Let p(b) = -b - 8. Let y be p(-8). Suppose z - 5*z - 8 = y. List the prime factors of (-453)/(-4) - (18/8 + z).
113
Suppose 14*c - 10 = 9*c. Suppose -f + 224 = 2*g - 3*f, -4*g - 5*f = -457. Suppose c*x - 417 = -g. List the prime factors of x.
2, 19
Let t(y) = 24*y + 44. Let h be t(-6). Let o = h - -100. Suppose o = j - 54 - 9. What are the prime factors of j?
3, 7
Let q(r) = -r**2 - 14*r - 17. Let t(o) = o + 1. Let l(m) = -q(m) - t(m). Suppose 80*f = 34*f - 598. List the prime factors of l(f).
2
Suppose -4*i = -4*k + 16, 3*k + 2 = -3*i + 20. Suppose 0 = -0*n - 5*n + k*x + 540, 3*x - 12 = 0. What are the prime factors of n?
2, 7
Suppose -114*c + 8808930 = 81*c. List the prime factors of c.
2, 3, 7529
Let n = 12 - 10. Suppose 8*x = n*p + 3*x - 96, 0 = -p + 3*x + 50. What are the prime factors of (-111)/2*p/(-57)?
37
Let x(a) = a + 17. Let t be x(-17). Suppose m + r - 163 = t, 2*m - 5*m = 4*r - 487. Suppose 6*h - m = -5*h. List the prime factors of h.
3, 5
Let y(u) = u**2. Let a be y(-1). Let m(o) = 197*o**3 - 2*o**2 + 2*o. List the prime factors of m(a).
197
Let w be ((-14)/35)/((-3)/810). Let t be 34/(-9) + (-24)/w. List the prime factors of 0 - 48*(t - -2).
2, 3
Let v(p) be the first derivative of -17*p**4/4 - 2*p**3 - 3*p**2/2 + 14*p - 103. List the prime factors of v(-4).
2, 509
Let p(a) = -879*a + 2 + 982*a + 564*a. What are the prime factors of p(1)?
3, 223
Let w(u) = u**2 + 4*u + 9. Let o(y) = 15*y - 21. Let p be o(4). Suppose -3 = 3*d, -2*r - p = 3*r - d. List the prime factors of w(r).
41
Suppose -3*j - 210 = 5*k, -2*k - 2*j = 3*j + 103. Let l be 128/(-13) + 6/k. Let o(i) = -2*i + 26. List the prime factors of o(l).
2, 23
Let t(b) = 2338*b**2 - 11*b - 51. What are the prime factors of t(-4)?
3, 7, 13, 137
Let x be 1398/21 + (-56)/98. What are the prime factors of (-4)/22 - (-6348)/x?
2, 3
Suppose -5*p = -2*o + 3*o - 23, -2*o + 3*p = 6. Suppose 9*b + 2943 = 13*b + o*l, 4*l = -3*b + 2209. What are the prime factors of b?
3, 5, 7
Let m(b) = -1162*b - 133. List the prime factors of m(-9).
5, 7, 59
Suppose 3*j + 3*k = 40392, -13*j + 12*j = -4*k - 13439. List the prime factors of j.
43, 313
Let b be (-2)/(-11) - 588/(-154). Suppose -v - 3*v + 25 = -5*m, -19 = -b*v - m. What are the prime factors of v?
5
Suppose 63 = -5*x + 238. Suppose x = -i - 75. Let y = 37 - i. What are the prime factors of y?
3, 7
Let c(g) = -9*g**3 + 3*g**2 + 4*g + 5. Let z be 0 - ((-1)/(-5) + (-18)/(-10)). List the prime factors of c(z).
3
Let s = -25 + -81. Let b = s - -109. Suppose 2*t - i - 122 = -3*t, 41 = 2*t - b*i. List the prime factors of t.
5
Let a = -24647 + 42836. What are the prime factors of a?
3, 43, 47
Let w be 1/7*599 + 20/(-35). Suppose 71*b = w*b - 15750. What are the prime factors of b?
3, 5
Suppose 2252140 = 85*s - 3016245. List the prime factors of s.
61981
Let x = 899 + -633. Suppose -14*b = -0*b - x. Let c(p) = p**2 - 17*p - 6. What are the prime factors of c(b)?
2
Let j(b) = 9*b + b**3 + 14*b**2 - b - 10 - 3*b. Let y be j(-14). List the prime factors of (-45)/2*y/25.
2, 3
Suppose -3*r = -473 - 331. Suppose 0*h - 2*h = -v + 4, v - 5*h + 2 = 0. Suppose -4*b = -v*b + r. What are the prime factors of b?
67
Let h(b) = 13*b - 132. Let g be h(10). What are the prime factors of (1 + -2 - g)/((-2)/(-196))?
2, 7
Let k(q) = 52 + 92 + 28 + 10 + 101*q + 20. What are the prime factors of k(6)?
2, 101
Let o = -413 - -600. Suppose -f + 236 = 5*m, 3*m - 509 = -3*f + o. Suppose -4*x + f = -217. What are the prime factors of x?
2, 7
Let b = 43989 - 42646. What are the prime factors of b?
17, 79
List the prime factors of (0 - -848)/(-4 + 5).
2, 53
List the prime factors of 15/80*266972 - 16/64.
7, 7151
Suppose -u + 0*u - 4*o = -90, -4*u + o = -343. Let n = -171 + u. Let b = 101 + n. List the prime factors of b.
2
Suppose 5*q - 15 = -3*j + 9, 15 = 5*q. Let a be ((-12)/(-8))/((-2)/(-4)). Suppose d = -w + 8, -j*w - a = -15. List the prime factors of d.
2
Let x = 6500 - 4497. What are the prime factors of x?
2003
Suppose 0 = -326*v + 354*v - 234332. List the prime factors of v.
8369
List the prime factors of (2014 - -8 - 3) + -7 + -1 + 2.
3, 11, 61
Let h = -1157 - -1700. Let c = 1327 - h. What are the prime factors of c?
2, 7
Let u(p) = 13*p**2 + 97*p + 4435. What are the prime factors of u(-66)?
47, 1163
Suppose y + 22 = h + 2*y, -h - 4*y = -25. Suppose 3*a = -b + h, 0*b - 3*b = -a + 17. Let n(w) = 2*w - 9. What are the prime factors of n(a)?
7
What are the prime factors of (-30)/(-5) - 9 - ((8 - 8) + -6703)?
2, 5, 67
What are the prime factors of (2 + 23076/10)*(-12)/24*-5?
2, 2887
Suppose -4*h = -8*h - 3*o + 1963, 0 = -2*o + 2. List the prime factors of ((-75)/(-10) + -4 - 3)*h.
5, 7
Suppose -9*t = -11*t + 234. Suppose 